et g(y) = y**3 - y - 10*y + 4*y**2 + 9 - 8*y**2 - 6*y**2 + 3*y**2. Suppose -3*c - 54 = -5*j, -3 = j - 0*c + 4*c. What is the tens digit of g(j)?
7
Let l be 93/(-62) - 7/(-2). Suppose -l*q + 24*q = 11990. What is the tens digit of q?
4
Let i(w) = -15968*w + 466. What is the thousands digit of i(-1)?
6
Suppose -1558 = h - 483. Let r = -640 - h. Suppose 5*v - 877 + 128 = -d, -3*v = -3*d - r. What is the tens digit of v?
4
Suppose -2*o + 323*y - 328*y = -13779, -20706 = -3*o + 5*y. What is the units digit of o?
7
Suppose p - 635 = -4*p - n, 0 = 4*p - 4*n - 508. Let m = 215 - p. What is the tens digit of m?
8
Let q = 1936 - 1092. Suppose 296 = r - 5*m, -5*m = 3*r - 9*m - q. What is the hundreds digit of r?
2
Let o = -448 - -4243. What is the tens digit of o?
9
Let y = 11770 + -6784. What is the units digit of y?
6
Suppose -2*r + 7 = z - 3, 10 = z + 5*r. Let u be 12/30 + 56/z. What is the units digit of u/(-4)*((-3080)/12)/7?
5
Let m be (9 - -1)/((-3 - 5) + 7). Let y be (-2920)/(-50) - (-4)/m. Suppose -172 = -3*s - 4*f, -6 = s - 4*f - y. What is the tens digit of s?
5
Let a(m) = -397*m - 3. What is the units digit of a(-25)?
2
Suppose 37*f - 1275229 = 1080464 + 398032. What is the thousands digit of f?
4
Let n = 27119 - -19506. What is the hundreds digit of n?
6
What is the units digit of (2298/(-4))/(((-6)/9)/(1580/237))?
5
Let c(g) = 6*g**2 + 15*g - 52. Suppose -85 = 5*x - b + 6*b, 103 = -5*x + 4*b. Let k = x - -25. What is the units digit of c(k)?
4
Let w(c) = 145*c**2 + 25*c + 683. What is the tens digit of w(14)?
5
Let i = 231 + -229. Suppose -i*c + d = -0*c - 1061, -3*c + 1590 = -2*d. What is the tens digit of c?
3
Let w be (-9)/6 - 3*2/12. Let o(v) = -v**3 - 2*v**2 + v + 2. Let m be o(w). Suppose -s + y + 4*y + 31 = 0, s + y - 13 = m. What is the units digit of s?
6
Let n be (3 - 92/15) + 6/45. Let i be -2 - 1 - (-12)/((-6)/n). Suppose k - 6*k = 3*l - 363, -i*l + 360 = 4*k. What is the hundreds digit of l?
1
Let i(m) = -m**3 + m**2 + 6*m + 5. Let j be i(-2). Suppose 3 + j = k. Suppose -k*y + 283 = -349. What is the tens digit of y?
7
Suppose 8*f - 9*f = -412. Let w = -217 + f. Suppose -4*c + z = -z - 394, 0 = 2*c - 3*z - w. What is the units digit of c?
9
Let m = 6009 - -3539. What is the tens digit of m?
4
Let a(z) = z**2 + 6. Let c be a(5). Let w = -39 + c. Let k = w + 25. What is the tens digit of k?
1
Let k = 34048 + -23017. What is the thousands digit of k?
1
Let l(a) = -1138*a**3 + 2*a**2 + 3*a + 5. What is the hundreds digit of l(-2)?
1
Let o(q) = 141*q**2 + 4*q - 7. Let p be o(4). Suppose 5*n - p = -10*n. What is the units digit of n?
1
What is the ten thousands digit of (-27)/12*(-20 - -16)*2583?
2
Let n(x) = x**2 + 14*x - 37. Let f be n(-16). Let q = -1 - f. Suppose 5*g + q*d = 60 + 265, -g + 84 = -3*d. What is the units digit of g?
9
Let a(m) = -2*m**2 + m**3 + 9 - 5*m**2 - 3*m**2. Let x = 1045 - 1035. What is the units digit of a(x)?
9
Let i = -10214 + 25137. What is the units digit of i?
3
Let w(n) = -15 + 10*n - 11*n + 3*n. Let h be w(10). Suppose 4*y = h + 19. What is the units digit of y?
6
Suppose 3*t - 5*o - 21 = 0, 1 = 2*t + o - 0. Suppose 0 = -t*s - 4*b + 188 + 290, 4*s = -3*b + 936. What is the hundreds digit of s?
2
What is the units digit of 1/(258/(-5074)*(-1)/405)?
5
Suppose 0 = 4*p + 4*s - 1924, -200 + 684 = p - 2*s. Let k = p - 311. What is the units digit of k?
1
Suppose p + 10*l - 5578 = 0, p + 8*l - 11*l - 5552 = 0. What is the hundreds digit of p?
5
Let i = -31 + 36. Suppose -12 = -i*r + 3. Suppose 1323 = r*u + 4*u. What is the units digit of u?
9
Suppose 526*j - 531*j + 3*l = -119717, 5*j - 4*l - 119721 = 0. What is the ten thousands digit of j?
2
Let q(s) = 9*s**2 + 45*s - 48. Let v be -2*(-88)/(-80)*5. What is the hundreds digit of q(v)?
5
Let m(p) = 34*p + 108. Let l be m(10). Suppose 5*x - 4*b - 9055 = 0, -4042 = -2*x - 4*b - l. What is the units digit of x?
7
Let r(a) = 43*a**3 - 71*a**2 + 135*a + 62. What is the ten thousands digit of r(12)?
6
Let r be (0 + 848/(-12) - -5)*-3. Suppose -1500 = r*j - 203*j. What is the hundreds digit of j?
2
Let o(i) be the third derivative of i**5/15 + 23*i**4/24 + 17*i**3/6 + 63*i**2. What is the units digit of o(-13)?
4
Suppose -5*y - 3*l - 1000 = 0, -3*l - 3 = 12. Let b = 172 - y. What is the tens digit of b?
6
Let x(h) = 4*h - 31. Let n(c) = -1. Let a(s) = 4*n(s) + x(s). Let y be a(10). Suppose -b + 2*r + 32 = 0, r = -y*b - 0*b + 116. What is the units digit of b?
4
Suppose -14 = -16*d + 19*d + 2*u, 4 = 2*d - 2*u. What is the units digit of 37*d/(-8) - 15/(-20)?
0
Suppose -1909 + 49201 = 6*h. What is the thousands digit of h?
7
Let y be (-3 + 5)*(5 + -3)/1. Suppose 11*j = y*j + 504. What is the tens digit of j?
7
Suppose -116*u + 2405544 = 306640. What is the units digit of u?
4
Let l be ((-486)/(-72))/((-6)/32). Let x(a) = a**2 + 27*a - 14. What is the tens digit of x(l)?
1
Let d(s) = -41*s + 3. Let i be d(-1). Suppose -3 = k + 5*p, 4*k + 5*p - 3 = -0*k. Suppose i = k*n - 2*a - 50, 4 = 4*a. What is the tens digit of n?
4
Suppose 0 = 35*m - 41*m + 492. Let g = m + -83. What is the units digit of g/3*-146 - (-8)/(-12)?
8
Suppose 8 = 3*y - y + p, 3*p - 2 = 5*y. What is the tens digit of 100/35*49/y?
7
Let o(t) = -1732*t - 14. What is the tens digit of o(-6)?
7
Suppose 8*p - 13*p + 30 = 0. What is the hundreds digit of ((-3)/(-1))/(p/(6 - -312))?
1
Suppose 5*c - 61 = -1. Let j be 32/(-12)*c/(-8). Suppose 4*o - 2*h = 352, -j*o + 185 = 5*h - 167. What is the units digit of o?
8
What is the thousands digit of (-5 - (-212)/(-12))/(44/(-9339))?
4
What is the units digit of 6411 - 15/(-195)*-13?
0
Let k(w) = -23*w - 10. Let m(z) = -z**3 + 6*z**2 + 7*z + 5. Let t be m(7). Suppose -5*q = t*y - 5, y + 3*q = 5*y + 31. What is the units digit of k(y)?
2
Let h be -3 - (-2905)/(-10) - 9/18. Suppose 240 = -2*b - 3*j, 0*j + 609 = -5*b - 3*j. Let a = b - h. What is the units digit of a?
1
Let j(f) = -f + 30. Let m be ((-8)/(-12))/(6/(-63)). Let a be j(m). Suppose -s + a = -41. What is the units digit of s?
8
Let i(x) = -17*x - 21. Let m(c) = c - 1. Suppose -4*q + 0*b - b - 9 = 0, 3*q = -2*b - 13. Let u(w) = q*i(w) - 4*m(w). What is the hundreds digit of u(9)?
1
Let p(q) = 14*q**2 + q + 6. Let f be p(5). Suppose 0 = -2*b - a + 173, -3*b - 100 = 3*a - f. Let j = b - 52. What is the tens digit of j?
3
Let l = 7834 - 1957. What is the units digit of l?
7
Let a(o) = -o**2 - 101*o + 548. What is the hundreds digit of a(-46)?
0
Let y be 520/72 + 60/(-27) + 2. Suppose -y*z + 13*z - 402 = 0. Suppose 0 = m + 3*b - 73, -b + z = 3*m - 2*m. What is the tens digit of m?
6
Suppose 114 = -l - l. Let i = l - -60. Suppose -2*d - i*p + 6 = -9, p = -4*d + 25. What is the units digit of d?
6
Suppose j - 20920 = -49*f + 46*f, 2*f - j - 13955 = 0. What is the units digit of f?
5
Let k be ((-32)/(-5))/(7/(420/12)). Suppose 20*d + 1356 = k*d. What is the tens digit of d?
1
Suppose -7*j - 1 = 90. Let k = j - -10. Let q(t) = -66*t - 4. What is the hundreds digit of q(k)?
1
Let h(j) be the first derivative of -j**4/4 - 2*j**3/3 - 8*j**2 - 20*j - 49. What is the units digit of h(-8)?
2
Let z = -354 + 649. Suppose -c = c + 3*l - z, 5*c = 5*l + 775. What is the tens digit of c?
5
What is the thousands digit of ((-1)/1 - -2)/(103/736553)?
7
Let p be 4/((-8)/(-138)) - (-15)/5. Suppose -53*i + p = -49*i. What is the tens digit of (3 - i/2 - -1)*-33?
6
Let m(i) = -3*i + 70. Let u be m(21). Suppose l + u*d - 5*d - 148 = 0, 0 = l + 4*d - 144. What is the tens digit of l?
5
Let z = 324 - 195. Suppose 36 = -5*r - z. Let i = 40 + r. What is the units digit of i?
7
Let a be 8/(-28) - (-46)/(-7)*-4. What is the units digit of ((-4)/10)/(a/(-1430))?
2
Suppose -3*s + 125941 = 2*u, 5*u - 20603 - 21347 = -s. What is the ten thousands digit of s?
4
Suppose 3*f = -3*r + 19845, -5*f - 26436 = -4*r - f. Suppose 1144*k - r = 1138*k. What is the hundreds digit of k?
1
Suppose 2*o - 2*n - 4 = 2, 5*o = n + 31. Suppose o*p - 20 - 1 = 0. Suppose -p*c + 423 = -3*r + 6*r, 0 = 3*r + 4*c - 422. What is the hundreds digit of r?
1
Let u(o) = 5*o**2 - 7*o**2 + o**2 + 13*o - 5 + 0*o. Let s be u(12). Suppose 0 = m - 22 - s. What is the tens digit of m?
2
Let o be (-9 - -5)/((-8)/116*2). Suppose 47*i - o*i = 28962. What is the units digit of i?
9
